{"id":31408,"date":"2026-05-01T13:37:40","date_gmt":"2026-05-01T11:37:40","guid":{"rendered":"https:\/\/esclaustre.com\/event\/marti-genestar-trio\/"},"modified":"2026-05-01T13:39:15","modified_gmt":"2026-05-01T11:39:15","slug":"marti-genestar-trio","status":"publish","type":"tribe_events","link":"https:\/\/esclaustre.com\/es\/event\/marti-genestar-trio\/","title":{"rendered":"Mart\u00ed Genestar Trio"},"content":{"rendered":"<h2><b>Mart\u00ed Genestar Trio<\/b><\/h2>\n<p><b>Mart\u00ed Genestar Trio<\/b> \u00e9s una formaci\u00f3 menorquina de recent creaci\u00f3 de jazz contemporani integrada per <strong>Mart\u00ed Genestar<\/strong> (guitarra), <strong>Llu\u00eds Gener<\/strong> (contrabaix i baix el\u00e8ctric) i <strong>Guiem Pons<\/strong> (bateria). El grup neix amb la voluntat de crear una veu pr\u00f2pia, basant el seu repertori en composicions originals que combinen lirisme i una gran llibertat interpretativa.<\/p>\n<p>Amb influ\u00e8ncies que van des del<strong> jazz modern<\/strong> fins a la <strong>m\u00fasica mediterr\u00e0nia<\/strong>, el trio desenvolupa un so on la interacci\u00f3 i la complicitat entre els m\u00fasics juguen un paper fonamental. La seva proposta convida a un viatge musical on cada pe\u00e7a esdev\u00e9 una conversa oberta i viva entre tres veus creatives.<\/p>\n<p>&nbsp;<\/p>\n<p><strong>Mart\u00ed Genestar<\/strong> guitarra I <strong>Lluis Gener<\/strong> contrabaix i baix el\u00e8ctric I <strong>Guillem Pons<\/strong> bateria<\/p>\n<p>&nbsp;<\/p>\n<figure id=\"attachment_31320\" aria-describedby=\"caption-attachment-31320\" style=\"width: 792px\" class=\"wp-caption aligncenter\"><img fetchpriority=\"high\" decoding=\"async\" class=\"size-full wp-image-31320\" src=\"https:\/\/esclaustre.com\/wp-content\/uploads\/2026\/04\/Jazz_EsClaustre23_2026.jpeg\" alt=\"Programa Jazz Es Claustre 23 I 2026\" width=\"792\" height=\"1000\" title=\"\" srcset=\"https:\/\/esclaustre.com\/wp-content\/uploads\/2026\/04\/Jazz_EsClaustre23_2026.jpeg 792w, https:\/\/esclaustre.com\/wp-content\/uploads\/2026\/04\/Jazz_EsClaustre23_2026-238x300.jpeg 238w, https:\/\/esclaustre.com\/wp-content\/uploads\/2026\/04\/Jazz_EsClaustre23_2026-768x970.jpeg 768w\" sizes=\"(max-width: 792px) 100vw, 792px\" \/><figcaption id=\"caption-attachment-31320\" class=\"wp-caption-text\">Programa Jazz <a href=\"http:\/\/www.esclaustre.com\">Es Claustre<\/a> 23 I 2026<\/figcaption><\/figure>\n","protected":false},"excerpt":{"rendered":"<p>Mart\u00ed Genestar Trio<\/p>\n<p>Mart\u00ed Genestar Trio \u00e9s una formaci\u00f3 menorquina de recent creaci\u00f3 de jazz contemporani integrada per Mart\u00ed Genestar (guitarra), Llu\u00eds Gener (contrabaix i baix el\u00e8ctric) i Guiem Pons (bateria). El grup neix amb la voluntat de crear una veu pr\u00f2pia, basant el seu repertori en composicions originals que combinen lirisme i una gran llibertat interpretativa.<\/p>\n","protected":false},"author":1,"featured_media":31403,"template":"","meta":{"_acf_changed":false,"_tribe_events_status":"","_tribe_events_status_reason":"","_tribe_events_is_hybrid":"","_tribe_events_is_virtual":"","_tribe_events_virtual_video_source":"","_tribe_events_virtual_embed_video":"","_tribe_events_virtual_linked_button_text":"","_tribe_events_virtual_linked_button":"","_tribe_events_virtual_show_embed_at":"","_tribe_events_virtual_show_embed_to":[],"_tribe_events_virtual_show_on_event":"","_tribe_events_virtual_show_on_views":"","_tribe_events_virtual_url":"","footnotes":""},"tags":[4699],"tribe_events_cat":[1424,774],"class_list":["post-31408","tribe_events","type-tribe_events","status-publish","has-post-thumbnail","hentry","tag-marti-genestar-trio","tribe_events_cat-agenda-menorca-es","tribe_events_cat-jazz-es","cat_agenda-menorca-es","cat_jazz-es"],"acf":[],"_links":{"self":[{"href":"https:\/\/esclaustre.com\/es\/wp-json\/wp\/v2\/tribe_events\/31408","targetHints":{"allow":["GET"]}}],"collection":[{"href":"https:\/\/esclaustre.com\/es\/wp-json\/wp\/v2\/tribe_events"}],"about":[{"href":"https:\/\/esclaustre.com\/es\/wp-json\/wp\/v2\/types\/tribe_events"}],"author":[{"embeddable":true,"href":"https:\/\/esclaustre.com\/es\/wp-json\/wp\/v2\/users\/1"}],"version-history":[{"count":2,"href":"https:\/\/esclaustre.com\/es\/wp-json\/wp\/v2\/tribe_events\/31408\/revisions"}],"predecessor-version":[{"id":31413,"href":"https:\/\/esclaustre.com\/es\/wp-json\/wp\/v2\/tribe_events\/31408\/revisions\/31413"}],"wp:featuredmedia":[{"embeddable":true,"href":"https:\/\/esclaustre.com\/es\/wp-json\/wp\/v2\/media\/31403"}],"wp:attachment":[{"href":"https:\/\/esclaustre.com\/es\/wp-json\/wp\/v2\/media?parent=31408"}],"wp:term":[{"taxonomy":"post_tag","embeddable":true,"href":"https:\/\/esclaustre.com\/es\/wp-json\/wp\/v2\/tags?post=31408"},{"taxonomy":"tribe_events_cat","embeddable":true,"href":"https:\/\/esclaustre.com\/es\/wp-json\/wp\/v2\/tribe_events_cat?post=31408"}],"curies":[{"name":"wp","href":"https:\/\/api.w.org\/{rel}","templated":true}]}}

Martí Genestar Trio

<h2><b>Martí Genestar Trio</b></h2>
<p><b>Martí Genestar Trio</b> és una formació menorquina de recent creació de jazz contemporani integrada per <strong>Martí Genestar</strong> (guitarra), <strong>Lluís Gener</strong> (contrabaix i baix elèctric) i <strong>Guiem Pons</strong> (bateria). El grup neix amb la voluntat de crear una veu pròpia, basant el seu repertori en composicions originals que combinen lirisme i una gran llibertat interpretativa.</p>
<p>Amb influències que van des del<strong> jazz modern</strong> fins a la <strong>música mediterrània</strong>, el trio desenvolupa un so on la interacció i la complicitat entre els músics juguen un paper fonamental. La seva proposta convida a un viatge musical on cada peça esdevé una conversa oberta i viva entre tres veus creatives.</p>
<p>&nbsp;</p>
<p><strong>Martí Genestar</strong> guitarra I <strong>Lluis Gener</strong> contrabaix i baix elèctric I <strong>Guillem Pons</strong> bateria</p>
<p>&nbsp;</p>
<figure id="attachment_31320" aria-describedby="caption-attachment-31320" style="width: 792px" class="wp-caption aligncenter"><img fetchpriority="high" decoding="async" class="size-full wp-image-31320" src="https://esclaustre.com/wp-content/uploads/2026/04/Jazz_EsClaustre23_2026.jpeg" alt="Programa Jazz Es Claustre 23 I 2026" width="792" height="1000" title="" srcset="https://esclaustre.com/wp-content/uploads/2026/04/Jazz_EsClaustre23_2026.jpeg 792w, https://esclaustre.com/wp-content/uploads/2026/04/Jazz_EsClaustre23_2026-238x300.jpeg 238w, https://esclaustre.com/wp-content/uploads/2026/04/Jazz_EsClaustre23_2026-768x970.jpeg 768w" sizes="(max-width: 792px) 100vw, 792px" /><figcaption id="caption-attachment-31320" class="wp-caption-text">Programa Jazz <a href="http://www.esclaustre.com">Es Claustre</a> 23 I 2026</figcaption></figure>

<p>Martí Genestar Trio</p>
<p>Martí Genestar Trio és una formació menorquina de recent creació de jazz contemporani integrada per Martí Genestar (guitarra), Lluís Gener (contrabaix i baix elèctric) i Guiem Pons (bateria). El grup neix amb la voluntat de crear una veu pròpia, basant el seu repertori en composicions originals que combinen lirisme i una gran llibertat interpretativa.</p>
