{"id":31440,"date":"2026-05-01T14:02:17","date_gmt":"2026-05-01T12:02:17","guid":{"rendered":"https:\/\/esclaustre.com\/event\/pere-bujosa-trio-2\/"},"modified":"2026-05-01T17:26:19","modified_gmt":"2026-05-01T15:26:19","slug":"pere-bujosa-trio-2","status":"publish","type":"tribe_events","link":"https:\/\/esclaustre.com\/es\/event\/pere-bujosa-trio-2\/","title":{"rendered":"Pere Bujosa Trio"},"content":{"rendered":"<h2><strong>Pere Bujosa Trio<\/strong><\/h2>\n<p>El <b>Pere Bujosa Trio<\/b> es un proyecto de jazz contempor\u00e1neo centrado en m\u00fasica original que combina lirismo mediterr\u00e1neo, improvisaci\u00f3n e influencias del jazz moderno europeo. El grupo interpreta composiciones propias de Pere Bujosa con un lenguaje abierto que dialoga con elementos del <strong>folklore, la m\u00fasica cl\u00e1sica y la exploraci\u00f3n r\u00edtmica<\/strong>. En los \u00faltimos a\u00f1os el tr\u00edo ha actuado en festivales como <b>Jazzaldia<\/b> o <b>Jazze\u00f1e<\/b>, adem\u00e1s de realizar giras internacionales en Asia. En esta ocasi\u00f3n el proyecto se presenta con el pianista <b>Diego Hervalejo<\/b> y el bater\u00eda <b>Joan Terol<\/b>, manteniendo el esp\u00edritu de interacci\u00f3n y exploraci\u00f3n musical que caracteriza al tr\u00edo..<\/p>\n<p>&nbsp;<\/p>\n<p><strong>Pere Bujosa<\/strong>\u00a0 contrabajo, composici\u00f3n I <strong>Diego Hervalejo<\/strong>\u00a0 piano I <strong>Joan Terol<\/strong>\u00a0 bater\u00eda<\/p>\n<p>&nbsp;<\/p>\n<figure id=\"attachment_31320\" aria-describedby=\"caption-attachment-31320\" style=\"width: 792px\" class=\"wp-caption aligncenter\"><img fetchpriority=\"high\" decoding=\"async\" class=\"size-full wp-image-31320\" src=\"https:\/\/esclaustre.com\/wp-content\/uploads\/2026\/04\/Jazz_EsClaustre23_2026.jpeg\" alt=\"Programa Jazz Es Claustre 23 I 2026\" width=\"792\" height=\"1000\" title=\"\" srcset=\"https:\/\/esclaustre.com\/wp-content\/uploads\/2026\/04\/Jazz_EsClaustre23_2026.jpeg 792w, https:\/\/esclaustre.com\/wp-content\/uploads\/2026\/04\/Jazz_EsClaustre23_2026-238x300.jpeg 238w, https:\/\/esclaustre.com\/wp-content\/uploads\/2026\/04\/Jazz_EsClaustre23_2026-768x970.jpeg 768w\" sizes=\"(max-width: 792px) 100vw, 792px\" \/><figcaption id=\"caption-attachment-31320\" class=\"wp-caption-text\">Programa Jazz <a href=\"http:\/\/www.esclaustre.com\">Es Claustre<\/a> 23 I 2026<\/figcaption><\/figure>\n<p>&nbsp;<\/p>\n","protected":false},"excerpt":{"rendered":"<p>Pere Bujosa Trio<\/p>\n<p>Pere Bujosa Trio \u00e9s un projecte de jazz contemporani centrat en m\u00fasica original que combina lirisme mediterrani, improvisaci\u00f3 i influ\u00e8ncies del jazz modern europeu. El grup interpreta composicions pr\u00f2pies de Pere Bujosa amb un llenguatge obert que dialoga amb elements del folklore, la m\u00fasica cl\u00e0ssica i l\u2019exploraci\u00f3 r\u00edtmica. En els darrers anys el trio ha actuat en festivals com Jazzaldia o Jazze\u00f1e, a m\u00e9s de realitzar gires internacionals a \u00c0sia. En aquesta ocasi\u00f3, el projecte es presenta amb el pianista Diego Hervalejo i el bateria Joan Terol, mantenint l\u2019esperit d\u2019interacci\u00f3 i exploraci\u00f3 musical que defineix el trio.<\/p>\n","protected":false},"author":1,"featured_media":31435,"template":"","meta":{"_acf_changed":false,"_tribe_events_status":"","_tribe_events_status_reason":"","_tribe_events_is_hybrid":"","_tribe_events_is_virtual":"","_tribe_events_virtual_video_source":"","_tribe_events_virtual_embed_video":"","_tribe_events_virtual_linked_button_text":"","_tribe_events_virtual_linked_button":"","_tribe_events_virtual_show_embed_at":"","_tribe_events_virtual_show_embed_to":[],"_tribe_events_virtual_show_on_event":"","_tribe_events_virtual_show_on_views":"","_tribe_events_virtual_url":"","footnotes":""},"tags":[4705],"tribe_events_cat":[1424,774],"class_list":["post-31440","tribe_events","type-tribe_events","status-publish","has-post-thumbnail","hentry","tag-pere-bujosa","tribe_events_cat-agenda-menorca-es","tribe_events_cat-jazz-es","cat_agenda-menorca-es","cat_jazz-es"],"acf":[],"_links":{"self":[{"href":"https:\/\/esclaustre.com\/es\/wp-json\/wp\/v2\/tribe_events\/31440","targetHints":{"allow":["GET"]}}],"collection":[{"href":"https:\/\/esclaustre.com\/es\/wp-json\/wp\/v2\/tribe_events"}],"about":[{"href":"https:\/\/esclaustre.com\/es\/wp-json\/wp\/v2\/types\/tribe_events"}],"author":[{"embeddable":true,"href":"https:\/\/esclaustre.com\/es\/wp-json\/wp\/v2\/users\/1"}],"version-history":[{"count":3,"href":"https:\/\/esclaustre.com\/es\/wp-json\/wp\/v2\/tribe_events\/31440\/revisions"}],"predecessor-version":[{"id":31444,"href":"https:\/\/esclaustre.com\/es\/wp-json\/wp\/v2\/tribe_events\/31440\/revisions\/31444"}],"wp:featuredmedia":[{"embeddable":true,"href":"https:\/\/esclaustre.com\/es\/wp-json\/wp\/v2\/media\/31435"}],"wp:attachment":[{"href":"https:\/\/esclaustre.com\/es\/wp-json\/wp\/v2\/media?parent=31440"}],"wp:term":[{"taxonomy":"post_tag","embeddable":true,"href":"https:\/\/esclaustre.com\/es\/wp-json\/wp\/v2\/tags?post=31440"},{"taxonomy":"tribe_events_cat","embeddable":true,"href":"https:\/\/esclaustre.com\/es\/wp-json\/wp\/v2\/tribe_events_cat?post=31440"}],"curies":[{"name":"wp","href":"https:\/\/api.w.org\/{rel}","templated":true}]}}

<h2><strong>Pere Bujosa Trio</strong></h2>
<p>El <b>Pere Bujosa Trio</b> es un proyecto de jazz contemporáneo centrado en música original que combina lirismo mediterráneo, improvisación e influencias del jazz moderno europeo. El grupo interpreta composiciones propias de Pere Bujosa con un lenguaje abierto que dialoga con elementos del <strong>folklore, la música clásica y la exploración rítmica</strong>. En los últimos años el trío ha actuado en festivales como <b>Jazzaldia</b> o <b>Jazzeñe</b>, además de realizar giras internacionales en Asia. En esta ocasión el proyecto se presenta con el pianista <b>Diego Hervalejo</b> y el batería <b>Joan Terol</b>, manteniendo el espíritu de interacción y exploración musical que caracteriza al trío..</p>
<p>&nbsp;</p>
<p><strong>Pere Bujosa</strong>  contrabajo, composición I <strong>Diego Hervalejo</strong>  piano I <strong>Joan Terol</strong>  batería</p>
<p>&nbsp;</p>
<figure id="attachment_31320" aria-describedby="caption-attachment-31320" style="width: 792px" class="wp-caption aligncenter"><img fetchpriority="high" decoding="async" class="size-full wp-image-31320" src="https://esclaustre.com/wp-content/uploads/2026/04/Jazz_EsClaustre23_2026.jpeg" alt="Programa Jazz Es Claustre 23 I 2026" width="792" height="1000" title="" srcset="https://esclaustre.com/wp-content/uploads/2026/04/Jazz_EsClaustre23_2026.jpeg 792w, https://esclaustre.com/wp-content/uploads/2026/04/Jazz_EsClaustre23_2026-238x300.jpeg 238w, https://esclaustre.com/wp-content/uploads/2026/04/Jazz_EsClaustre23_2026-768x970.jpeg 768w" sizes="(max-width: 792px) 100vw, 792px" /><figcaption id="caption-attachment-31320" class="wp-caption-text">Programa Jazz <a href="http://www.esclaustre.com">Es Claustre</a> 23 I 2026</figcaption></figure>
<p>&nbsp;</p>

<p>Pere Bujosa Trio</p>
<p>Pere Bujosa Trio és un projecte de jazz contemporani centrat en música original que combina lirisme mediterrani, improvisació i influències del jazz modern europeu. El grup interpreta composicions pròpies de Pere Bujosa amb un llenguatge obert que dialoga amb elements del folklore, la música clàssica i l’exploració rítmica. En els darrers anys el trio ha actuat en festivals com Jazzaldia o Jazzeñe, a més de realitzar gires internacionals a Àsia. En aquesta ocasió, el projecte es presenta amb el pianista Diego Hervalejo i el bateria Joan Terol, mantenint l’esperit d’interacció i exploració musical que defineix el trio.</p>
