{"id":31514,"date":"2026-05-01T19:27:25","date_gmt":"2026-05-01T17:27:25","guid":{"rendered":"https:\/\/esclaustre.com\/event\/eva-fernandez\/"},"modified":"2026-05-01T19:33:12","modified_gmt":"2026-05-01T17:33:12","slug":"eva-fernandez","status":"publish","type":"tribe_events","link":"https:\/\/esclaustre.com\/es\/event\/eva-fernandez\/","title":{"rendered":"Eva Fern\u00e1ndez"},"content":{"rendered":"<h2><strong>Eva Fern\u00e1ndez<\/strong><\/h2>\n<p>La saxofonista, cantante y compositora <strong>Eva Fern\u00e1ndez<\/strong> nos propone un viaje sonoro por algunos de los temas que la acompa\u00f1an durante los \u00faltimos a\u00f1os, entre los que podemos encontrar canciones en primicia de su pr\u00f3ximo disco \u201c<strong>\u00bfC\u00f3mo llamar a esto?\u201d<\/strong> Que se publicar\u00e1 en los pr\u00f3ximos meses, acompa\u00f1ada por Josep Munar a la guitarra y Enric Fuster a la bater\u00eda, con quien lleva compartiendo experiencias musicales m\u00e1s de cinco a\u00f1os. Eva Fern\u00e1ndez ofrece un concierto \u00edntimo, sincero y llenos de matices, elementos identitarios de su m\u00fasica.<span class=\"Apple-converted-space\">\u00a0<\/span><\/p>\n<p>&nbsp;<\/p>\n<p><strong>Eva Fern\u00e1ndez<\/strong> saxo y voz \u00a0<strong>Josep Munar<\/strong> guitarra<span class=\"Apple-converted-space\">\u00a0\u00a0<\/span><strong>Enric Fuster<\/strong> bater\u00eda<span class=\"Apple-converted-space\">\u00a0<\/span><\/p>\n<p>&nbsp;<\/p>\n<figure id=\"attachment_31320\" aria-describedby=\"caption-attachment-31320\" style=\"width: 792px\" class=\"wp-caption aligncenter\"><img fetchpriority=\"high\" decoding=\"async\" class=\"size-full wp-image-31320\" src=\"https:\/\/esclaustre.com\/wp-content\/uploads\/2026\/04\/Jazz_EsClaustre23_2026.jpeg\" alt=\"Programa Jazz Es Claustre 23 I 2026\" width=\"792\" height=\"1000\" title=\"\" srcset=\"https:\/\/esclaustre.com\/wp-content\/uploads\/2026\/04\/Jazz_EsClaustre23_2026.jpeg 792w, https:\/\/esclaustre.com\/wp-content\/uploads\/2026\/04\/Jazz_EsClaustre23_2026-238x300.jpeg 238w, https:\/\/esclaustre.com\/wp-content\/uploads\/2026\/04\/Jazz_EsClaustre23_2026-768x970.jpeg 768w\" sizes=\"(max-width: 792px) 100vw, 792px\" \/><figcaption id=\"caption-attachment-31320\" class=\"wp-caption-text\">Programa Jazz <a href=\"http:\/\/www.esclaustre.com\">Es Claustre<\/a> 23 I 2026<\/figcaption><\/figure>\n","protected":false},"excerpt":{"rendered":"<p>Eva Fern\u00e1ndez ens proposa un viatge sonor per alguns dels temes que l\u2019acompanyen durant els darrers anys, entre els quals hi podrem trobar can\u00e7ons en prim\u00edcia del seu proper disc \u00ab\u00bfC\u00f3mo llamar a esto?\u00bb que es publicar\u00e0 els propers mesos, acompanyada per Josep Munar a la guitarra i Enric Fuster a la bateria, amb qui porta compartint experi\u00e8ncies musicals m\u00e9s de cinc anys. Eva Fern\u00e1ndez ofereix un concert \u00edntim, sincer i ple de matisos, elements identitaris de la seva m\u00fasica.<\/p>\n","protected":false},"author":1,"featured_media":31506,"template":"","meta":{"_acf_changed":false,"_tribe_events_status":"","_tribe_events_status_reason":"","_tribe_events_is_hybrid":"","_tribe_events_is_virtual":"","_tribe_events_virtual_video_source":"","_tribe_events_virtual_embed_video":"","_tribe_events_virtual_linked_button_text":"","_tribe_events_virtual_linked_button":"","_tribe_events_virtual_show_embed_at":"","_tribe_events_virtual_show_embed_to":[],"_tribe_events_virtual_show_on_event":"","_tribe_events_virtual_show_on_views":"","_tribe_events_virtual_url":"","footnotes":""},"tags":[2814],"tribe_events_cat":[1424,774],"class_list":["post-31514","tribe_events","type-tribe_events","status-publish","has-post-thumbnail","hentry","tag-eva-fernandez-es","tribe_events_cat-agenda-menorca-es","tribe_events_cat-jazz-es","cat_agenda-menorca-es","cat_jazz-es"],"acf":[],"_links":{"self":[{"href":"https:\/\/esclaustre.com\/es\/wp-json\/wp\/v2\/tribe_events\/31514","targetHints":{"allow":["GET"]}}],"collection":[{"href":"https:\/\/esclaustre.com\/es\/wp-json\/wp\/v2\/tribe_events"}],"about":[{"href":"https:\/\/esclaustre.com\/es\/wp-json\/wp\/v2\/types\/tribe_events"}],"author":[{"embeddable":true,"href":"https:\/\/esclaustre.com\/es\/wp-json\/wp\/v2\/users\/1"}],"version-history":[{"count":3,"href":"https:\/\/esclaustre.com\/es\/wp-json\/wp\/v2\/tribe_events\/31514\/revisions"}],"predecessor-version":[{"id":31520,"href":"https:\/\/esclaustre.com\/es\/wp-json\/wp\/v2\/tribe_events\/31514\/revisions\/31520"}],"wp:featuredmedia":[{"embeddable":true,"href":"https:\/\/esclaustre.com\/es\/wp-json\/wp\/v2\/media\/31506"}],"wp:attachment":[{"href":"https:\/\/esclaustre.com\/es\/wp-json\/wp\/v2\/media?parent=31514"}],"wp:term":[{"taxonomy":"post_tag","embeddable":true,"href":"https:\/\/esclaustre.com\/es\/wp-json\/wp\/v2\/tags?post=31514"},{"taxonomy":"tribe_events_cat","embeddable":true,"href":"https:\/\/esclaustre.com\/es\/wp-json\/wp\/v2\/tribe_events_cat?post=31514"}],"curies":[{"name":"wp","href":"https:\/\/api.w.org\/{rel}","templated":true}]}}

Eva Fernández

<h2><strong>Eva Fernández</strong></h2>
<p>La saxofonista, cantante y compositora <strong>Eva Fernández</strong> nos propone un viaje sonoro por algunos de los temas que la acompañan durante los últimos años, entre los que podemos encontrar canciones en primicia de su próximo disco “<strong>¿Cómo llamar a esto?”</strong> Que se publicará en los próximos meses, acompañada por Josep Munar a la guitarra y Enric Fuster a la batería, con quien lleva compartiendo experiencias musicales más de cinco años. Eva Fernández ofrece un concierto íntimo, sincero y llenos de matices, elementos identitarios de su música.<span class="Apple-converted-space"> </span></p>
<p>&nbsp;</p>
<p><strong>Eva Fernández</strong> saxo y voz  <strong>Josep Munar</strong> guitarra<span class="Apple-converted-space">  </span><strong>Enric Fuster</strong> batería<span class="Apple-converted-space"> </span></p>
<p>&nbsp;</p>
<figure id="attachment_31320" aria-describedby="caption-attachment-31320" style="width: 792px" class="wp-caption aligncenter"><img fetchpriority="high" decoding="async" class="size-full wp-image-31320" src="https://esclaustre.com/wp-content/uploads/2026/04/Jazz_EsClaustre23_2026.jpeg" alt="Programa Jazz Es Claustre 23 I 2026" width="792" height="1000" title="" srcset="https://esclaustre.com/wp-content/uploads/2026/04/Jazz_EsClaustre23_2026.jpeg 792w, https://esclaustre.com/wp-content/uploads/2026/04/Jazz_EsClaustre23_2026-238x300.jpeg 238w, https://esclaustre.com/wp-content/uploads/2026/04/Jazz_EsClaustre23_2026-768x970.jpeg 768w" sizes="(max-width: 792px) 100vw, 792px" /><figcaption id="caption-attachment-31320" class="wp-caption-text">Programa Jazz <a href="http://www.esclaustre.com">Es Claustre</a> 23 I 2026</figcaption></figure>

<p>Eva Fernández ens proposa un viatge sonor per alguns dels temes que l’acompanyen durant els darrers anys, entre els quals hi podrem trobar cançons en primícia del seu proper disc «¿Cómo llamar a esto?» que es publicarà els propers mesos, acompanyada per Josep Munar a la guitarra i Enric Fuster a la bateria, amb qui porta compartint experiències musicals més de cinc anys. Eva Fernández ofereix un concert íntim, sincer i ple de matisos, elements identitaris de la seva música.</p>
