{"id":32557,"date":"2026-09-05T13:30:23","date_gmt":"2026-09-05T11:30:23","guid":{"rendered":"https:\/\/esclaustre.com\/event\/glosat-al-claustre-2\/"},"modified":"2026-09-05T13:34:49","modified_gmt":"2026-09-05T11:34:49","slug":"glosat-al-claustre-2","status":"publish","type":"tribe_events","link":"https:\/\/esclaustre.com\/es\/event\/glosat-al-claustre-2\/","title":{"rendered":"Glosat al Claustre"},"content":{"rendered":"<h2><strong>Nit de Glosat al Claustre amb \u00abSoca de Mots\u00bb<\/strong><\/h2>\n<div class=\"page\" title=\"Page 19\">\n<div class=\"layoutArea\">\n<div class=\"column\">\n<p>Convertit en tradici\u00f3 dins les festes de la <strong>Mareded\u00e9u de Gr\u00e0cia<\/strong> ens retrobarem com cada any <a href=\"https:\/\/esclaustre.com\/es\/\">Es Claustre<\/a> amb les arrels a trav\u00e9s del sentir de les festes de Joan Moll i companyia. Un cop acabi el preg\u00f3, de n&#8217;<strong>Anna Ferrer<\/strong>, la nit de glosat al Claustre ser\u00e0 protagonitzada per <strong>Z\u00e8s Coll<\/strong>, <strong>Sergio Vinent<\/strong>, <strong>Vicen\u00e7 Mar\u00ed<\/strong>, <strong>Joan Moll<\/strong> i <strong>Annabel Villalonga<\/strong>.<\/p>\n<p>L\u2019associaci\u00f3 <a title=\"Soca de Mots\" href=\"http:\/\/www.socademots.blogspot.com\" target=\"_blank\" rel=\"noopener\"><strong>Soca de Mots<\/strong><\/a> va ser creada l\u2019any 1999 amb l\u2019objectiu de recuperar divulgar el g\u00e8nere de la poesia improvisada i formar nous glosadors entre la poblaci\u00f3 m\u00e9s jove.<\/p>\n<p>La feina dels membres de <strong>Soca de Mots<\/strong> per divulgar i preservar la glosa ha fet possible, a m\u00e9s, que la seva actual embranzida no respongui a l\u2019inter\u00e8s per convertir en espectacle aquesta manifestaci\u00f3 de la nostra cultura popular. \u00c9s lloable la seva capacitat de modernitzaci\u00f3, no en el sentit de canviar ritmes o estructures del glosar, sin\u00f3 en el sentit de fer-lo atractiu i viu, per animar joves i no tan joves a introduir-se en un art que combina la m\u00fasica, la paraula, el di\u00e0leg i l\u2019enginy a trav\u00e9s dels cursos i tallers que promouen arreu de l\u2019illa. Una generaci\u00f3 de nous glosadors \u00e9s, sens dubte, la millor garantia del seu futur.<\/p>\n<p>El sentir de les festes de Gr\u00e0cia per Es Claustre va lligat a la llengua i a la cultura popular.<\/p>\n<\/div>\n<p>&nbsp;<\/p>\n<p>*dibuix d\u2019en <strong>Carles Moll<\/strong><\/p>\n<\/div>\n<\/div>\n","protected":false},"excerpt":{"rendered":"<p>NIt de Glosat al Claustre amb Soca de Mots: Z\u00e8s Coll, Sergio Vinent, Vicen\u00e7 Mar\u00ed, Joan Moll i Annabel Villalonga.\u00a0<\/p>\n","protected":false},"author":1,"featured_media":32552,"template":"","meta":{"_acf_changed":false,"_tribe_events_status":"","_tribe_events_status_reason":"","_tribe_events_is_hybrid":"","_tribe_events_is_virtual":"","_tribe_events_virtual_video_source":"","_tribe_events_virtual_embed_video":"","_tribe_events_virtual_linked_button_text":"","_tribe_events_virtual_linked_button":"","_tribe_events_virtual_show_embed_at":"","_tribe_events_virtual_show_embed_to":[],"_tribe_events_virtual_show_on_event":"","_tribe_events_virtual_show_on_views":"","_tribe_events_virtual_url":"","footnotes":""},"tags":[1253],"tribe_events_cat":[1424,4152],"class_list":["post-32557","tribe_events","type-tribe_events","status-publish","has-post-thumbnail","hentry","tag-glosat-es","tribe_events_cat-agenda-menorca-es","tribe_events_cat-altres-esdeveniments-es","cat_agenda-menorca-es","cat_altres-esdeveniments-es"],"acf":[],"_links":{"self":[{"href":"https:\/\/esclaustre.com\/es\/wp-json\/wp\/v2\/tribe_events\/32557","targetHints":{"allow":["GET"]}}],"collection":[{"href":"https:\/\/esclaustre.com\/es\/wp-json\/wp\/v2\/tribe_events"}],"about":[{"href":"https:\/\/esclaustre.com\/es\/wp-json\/wp\/v2\/types\/tribe_events"}],"author":[{"embeddable":true,"href":"https:\/\/esclaustre.com\/es\/wp-json\/wp\/v2\/users\/1"}],"version-history":[{"count":1,"href":"https:\/\/esclaustre.com\/es\/wp-json\/wp\/v2\/tribe_events\/32557\/revisions"}],"predecessor-version":[{"id":32559,"href":"https:\/\/esclaustre.com\/es\/wp-json\/wp\/v2\/tribe_events\/32557\/revisions\/32559"}],"wp:featuredmedia":[{"embeddable":true,"href":"https:\/\/esclaustre.com\/es\/wp-json\/wp\/v2\/media\/32552"}],"wp:attachment":[{"href":"https:\/\/esclaustre.com\/es\/wp-json\/wp\/v2\/media?parent=32557"}],"wp:term":[{"taxonomy":"post_tag","embeddable":true,"href":"https:\/\/esclaustre.com\/es\/wp-json\/wp\/v2\/tags?post=32557"},{"taxonomy":"tribe_events_cat","embeddable":true,"href":"https:\/\/esclaustre.com\/es\/wp-json\/wp\/v2\/tribe_events_cat?post=32557"}],"curies":[{"name":"wp","href":"https:\/\/api.w.org\/{rel}","templated":true}]}}

<h2><strong>Nit de Glosat al Claustre amb «Soca de Mots»</strong></h2>
<div class="page" title="Page 19">
<div class="layoutArea">
<div class="column">
<p>Convertit en tradició dins les festes de la <strong>Marededéu de Gràcia</strong> ens retrobarem com cada any <a href="https://esclaustre.com/es/">Es Claustre</a> amb les arrels a través del sentir de les festes de Joan Moll i companyia. Un cop acabi el pregó, de n&#8217;<strong>Anna Ferrer</strong>, la nit de glosat al Claustre serà protagonitzada per <strong>Zès Coll</strong>, <strong>Sergio Vinent</strong>, <strong>Vicenç Marí</strong>, <strong>Joan Moll</strong> i <strong>Annabel Villalonga</strong>.</p>
<p>L’associació <a title="Soca de Mots" href="http://www.socademots.blogspot.com" target="_blank" rel="noopener"><strong>Soca de Mots</strong></a> va ser creada l’any 1999 amb l’objectiu de recuperar divulgar el gènere de la poesia improvisada i formar nous glosadors entre la població més jove.</p>
<p>La feina dels membres de <strong>Soca de Mots</strong> per divulgar i preservar la glosa ha fet possible, a més, que la seva actual embranzida no respongui a l’interès per convertir en espectacle aquesta manifestació de la nostra cultura popular. És lloable la seva capacitat de modernització, no en el sentit de canviar ritmes o estructures del glosar, sinó en el sentit de fer-lo atractiu i viu, per animar joves i no tan joves a introduir-se en un art que combina la música, la paraula, el diàleg i l’enginy a través dels cursos i tallers que promouen arreu de l’illa. Una generació de nous glosadors és, sens dubte, la millor garantia del seu futur.</p>
<p>El sentir de les festes de Gràcia per Es Claustre va lligat a la llengua i a la cultura popular.</p>
</div>
<p>&nbsp;</p>
<p>*dibuix d’en <strong>Carles Moll</strong></p>
</div>
</div>

<p>NIt de Glosat al Claustre amb Soca de Mots: Zès Coll, Sergio Vinent, Vicenç Marí, Joan Moll i Annabel Villalonga. </p>
