{"id":5242,"date":"2019-05-21T09:51:05","date_gmt":"2019-05-21T09:51:05","guid":{"rendered":"https:\/\/esclaustre.com\/event\/maria-isas-copy\/"},"modified":"2019-06-12T12:33:03","modified_gmt":"2019-06-12T12:33:03","slug":"anna-ferrer-i-clara-peya","status":"publish","type":"tribe_events","link":"https:\/\/esclaustre.com\/es\/event\/anna-ferrer-i-clara-peya\/","title":{"rendered":"Anna Ferrer y Clara Peya"},"content":{"rendered":"<p>[ bb_built=\u00bb1&#8243; fullwidth=\u00bboff\u00bb specialty=\u00bbon\u00bb][et_pb_column type=\u00bb3_4&#8243; specialty_columns=\u00bb3&#8243;][et_pb_row_inner admin_label=\u00bbRow\u00bb _builder_version=\u00bb3.0.51&#8243; background_position_1=\u00bbtop_left\u00bb background_repeat_1=\u00bbno-repeat\u00bb module_class=\u00bbtribe-events-content__img\u00bb][et_pb_column_inner type=\u00bb4_4&#8243; saved_specialty_column_type=\u00bb3_4&#8243;][et_pb_image _builder_version=\u00bb3.0.64&#8243; show_in_lightbox=\u00bboff\u00bb url_new_window=\u00bboff\u00bb use_overlay=\u00bboff\u00bb sticky=\u00bboff\u00bb align=\u00bbleft\u00bb always_center_on_mobile=\u00bbon\u00bb border_style=\u00bbsolid\u00bb force_fullwidth=\u00bboff\u00bb src=\u00bbhttps:\/\/esclaustre.com\/wp-content\/uploads\/2019\/05\/Clara-Peya-i-Anna-Ferrer.jpg\u00bb \/][\/et_pb_column_inner][\/et_pb_row_inner][et_pb_row_inner admin_label=\u00bbRow\u00bb _builder_version=\u00bb3.0.51&#8243; background_position_1=\u00bbtop_left\u00bb background_repeat_1=\u00bbno-repeat\u00bb module_class=\u00bbtribe-events-content__content\u00bb][et_pb_column_inner type=\u00bb4_4&#8243; saved_specialty_column_type=\u00bb3_4&#8243;][et_pb_code _builder_version=\u00bb3.0.51&#8243;][socialpug_share][\/et_pb_code][et_pb_text _builder_version=\u00bb3.0.64&#8243; background_layout=\u00bblight\u00bb text_orientation=\u00bbleft\u00bb border_style=\u00bbsolid\u00bb]<\/p>\n<h1>\u00abAnna Ferrer y Clara Peya\u00bb en el Aglaia Festival<\/h1>\n<p>&nbsp;<\/p>\n<p>Inauguramos el <strong>Aglaia Festival<\/strong> en su primera edici\u00f3n como no pod\u00eda ser de otra manera: con m\u00fasica de Menorca, de la tierra y del Mediterr\u00e1neo.<\/p>\n<p>Hemos invitado a <strong>Anna Ferrer<\/strong>, la principal exponente femenina de la canci\u00f3n tradicional menorquina, y Anna nos propone un concierto \u00fanico juntamente con la recientemente galardonada con el Premio Nacional de la Cultura, la pianista <strong>Clara Peya<\/strong>.<\/p>\n<p>De la simbiosis del canto de Anna Ferrer con unas ra\u00edces tan menorquinas y el virtuosismo cl\u00e1sico, jazz y hip hop de Clara Peya presentamos un concierto dedicado a las mujeres de agua, con un repertorio variado de las dos artistas, tanto de Estomac de Clara como alg\u00fan atisbo de Kr\u00f6nia, el esperado nuevo disco de Anna que se estrenar\u00e1 en oto\u00f1o.<\/p>\n<p>Un concierto muy especial para cerrar los ojos bajo el cielo estrellado del incomparable escenario de <a href=\"https:\/\/esclaustre.com\" target=\"_blank\" rel=\"noopener\"><strong>Es Claustre<\/strong><\/a> y dejarse llevar por la m\u00fasica y el talento\u2026<\/p>\n<p>&nbsp;<\/p>\n<p>&nbsp;<\/p>\n<p>&nbsp;<\/p>\n<p>[\/et_pb_text][\/et_pb_column_inner][\/et_pb_row_inner][\/et_pb_column][et_pb_column type=\u00bb1_4&#8243;][et_pb_customEventMetaFields admin_label=\u00bbEsClaustre Camps Event\u00bb _builder_version=\u00bb3.0.51&#8243; location=\u00bbon\u00bb schedule=\u00bbon\u00bb price=\u00bbon\u00bb module_class=\u00bbappendTo_tribe-events-infoBlocks_landscape\u00bb \/][et_pb_button _builder_version=\u00bb3.0.64&#8243; button_text=\u00bbComprar\u00bb url_new_window=\u00bbon\u00bb button_alignment=\u00bbleft\u00bb background_layout=\u00bblight\u00bb custom_button=\u00bboff\u00bb button_letter_spacing=\u00bb0&#8243; button_icon_placement=\u00bbright\u00bb button_letter_spacing_hover=\u00bb0&#8243; module_class=\u00bbbtn-ticket appendTo_tribe-events-infoBlocks_landscape\u00bb button_url=\u00bbhttps:\/\/entradas.codetickets.com\/entradas\/anna-ferrer&#8212;clara-peya\/7302\/esclaustre\/online?lang=es_ES\u00bb \/][et_pb_customEventCategories _builder_version=\u00bb3.0.51&#8243; \/][et_pb_customEventTags _builder_version=\u00bb3.0.51&#8243; \/][\/et_pb_column][\/][ bb_built=\u00bb1&#8243; fullwidth=\u00bboff\u00bb specialty=\u00bbon\u00bb disabled=\u00bbon\u00bb][\/][ bb_built=\u00bb1&#8243; fullwidth=\u00bboff\u00bb specialty=\u00bbon\u00bb disabled=\u00bbon\u00bb][\/]<\/p>\n","protected":false},"excerpt":{"rendered":"<p>De la simbiosis del canto de Anna Ferrer con unas ra\u00edces tan menorquinas y el virtuosismo cl\u00e1sico, jazz y hip hop de Clara Peya presentamos un concierto dedicado a las mujeres de agua.<\/p>\n","protected":false},"author":1,"featured_media":5610,"template":"","meta":{"_acf_changed":false,"_tribe_events_status":"","_tribe_events_status_reason":"","_tribe_events_is_hybrid":"","_tribe_events_is_virtual":"","_tribe_events_virtual_video_source":"","_tribe_events_virtual_embed_video":"","_tribe_events_virtual_linked_button_text":"","_tribe_events_virtual_linked_button":"","_tribe_events_virtual_show_embed_at":"","_tribe_events_virtual_show_embed_to":[],"_tribe_events_virtual_show_on_event":"","_tribe_events_virtual_show_on_views":"","_tribe_events_virtual_url":"","footnotes":""},"tags":[1022,761,211],"tribe_events_cat":[773,774,111],"class_list":["post-5242","tribe_events","type-tribe_events","status-publish","has-post-thumbnail","hentry","tag-aglaia-festival-es","tag-barcelona-es","tag-menorca-es","tribe_events_cat-festival-es","tribe_events_cat-jazz-es","tribe_events_cat-musica-es","cat_festival-es","cat_jazz-es","cat_musica-es"],"acf":[],"_links":{"self":[{"href":"https:\/\/esclaustre.com\/es\/wp-json\/wp\/v2\/tribe_events\/5242","targetHints":{"allow":["GET"]}}],"collection":[{"href":"https:\/\/esclaustre.com\/es\/wp-json\/wp\/v2\/tribe_events"}],"about":[{"href":"https:\/\/esclaustre.com\/es\/wp-json\/wp\/v2\/types\/tribe_events"}],"author":[{"embeddable":true,"href":"https:\/\/esclaustre.com\/es\/wp-json\/wp\/v2\/users\/1"}],"version-history":[{"count":0,"href":"https:\/\/esclaustre.com\/es\/wp-json\/wp\/v2\/tribe_events\/5242\/revisions"}],"wp:featuredmedia":[{"embeddable":true,"href":"https:\/\/esclaustre.com\/es\/wp-json\/wp\/v2\/media\/5610"}],"wp:attachment":[{"href":"https:\/\/esclaustre.com\/es\/wp-json\/wp\/v2\/media?parent=5242"}],"wp:term":[{"taxonomy":"post_tag","embeddable":true,"href":"https:\/\/esclaustre.com\/es\/wp-json\/wp\/v2\/tags?post=5242"},{"taxonomy":"tribe_events_cat","embeddable":true,"href":"https:\/\/esclaustre.com\/es\/wp-json\/wp\/v2\/tribe_events_cat?post=5242"}],"curies":[{"name":"wp","href":"https:\/\/api.w.org\/{rel}","templated":true}]}}

<p>[ bb_built=»1&#8243; fullwidth=»off» specialty=»on»][et_pb_column type=»3_4&#8243; specialty_columns=»3&#8243;][et_pb_row_inner admin_label=»Row» _builder_version=»3.0.51&#8243; background_position_1=»top_left» background_repeat_1=»no-repeat» module_class=»tribe-events-content__img»][et_pb_column_inner type=»4_4&#8243; saved_specialty_column_type=»3_4&#8243;][et_pb_image _builder_version=»3.0.64&#8243; show_in_lightbox=»off» url_new_window=»off» use_overlay=»off» sticky=»off» align=»left» always_center_on_mobile=»on» border_style=»solid» force_fullwidth=»off» src=»https://esclaustre.com/wp-content/uploads/2019/05/Clara-Peya-i-Anna-Ferrer.jpg» /][/et_pb_column_inner][/et_pb_row_inner][et_pb_row_inner admin_label=»Row» _builder_version=»3.0.51&#8243; background_position_1=»top_left» background_repeat_1=»no-repeat» module_class=»tribe-events-content__content»][et_pb_column_inner type=»4_4&#8243; saved_specialty_column_type=»3_4&#8243;][et_pb_code _builder_version=»3.0.51&#8243;][socialpug_share][/et_pb_code][et_pb_text _builder_version=»3.0.64&#8243; background_layout=»light» text_orientation=»left» border_style=»solid»]</p>
<h1>«Anna Ferrer y Clara Peya» en el Aglaia Festival</h1>
<p>&nbsp;</p>
<p>Inauguramos el <strong>Aglaia Festival</strong> en su primera edición como no podía ser de otra manera: con música de Menorca, de la tierra y del Mediterráneo.</p>
<p>Hemos invitado a <strong>Anna Ferrer</strong>, la principal exponente femenina de la canción tradicional menorquina, y Anna nos propone un concierto único juntamente con la recientemente galardonada con el Premio Nacional de la Cultura, la pianista <strong>Clara Peya</strong>.</p>
<p>De la simbiosis del canto de Anna Ferrer con unas raíces tan menorquinas y el virtuosismo clásico, jazz y hip hop de Clara Peya presentamos un concierto dedicado a las mujeres de agua, con un repertorio variado de las dos artistas, tanto de Estomac de Clara como algún atisbo de Krönia, el esperado nuevo disco de Anna que se estrenará en otoño.</p>
<p>Un concierto muy especial para cerrar los ojos bajo el cielo estrellado del incomparable escenario de <a href="https://esclaustre.com" target="_blank" rel="noopener"><strong>Es Claustre</strong></a> y dejarse llevar por la música y el talento…</p>
<p>&nbsp;</p>
<p>&nbsp;</p>
<p>&nbsp;</p>
<p>[/et_pb_text][/et_pb_column_inner][/et_pb_row_inner][/et_pb_column][et_pb_column type=»1_4&#8243;][et_pb_customEventMetaFields admin_label=»EsClaustre Camps Event» _builder_version=»3.0.51&#8243; location=»on» schedule=»on» price=»on» module_class=»appendTo_tribe-events-infoBlocks_landscape» /][et_pb_button _builder_version=»3.0.64&#8243; button_text=»Comprar» url_new_window=»on» button_alignment=»left» background_layout=»light» custom_button=»off» button_letter_spacing=»0&#8243; button_icon_placement=»right» button_letter_spacing_hover=»0&#8243; module_class=»btn-ticket appendTo_tribe-events-infoBlocks_landscape» button_url=»https://entradas.codetickets.com/entradas/anna-ferrer&#8212;clara-peya/7302/esclaustre/online?lang=es_ES» /][et_pb_customEventCategories _builder_version=»3.0.51&#8243; /][et_pb_customEventTags _builder_version=»3.0.51&#8243; /][/et_pb_column][/][ bb_built=»1&#8243; fullwidth=»off» specialty=»on» disabled=»on»][/][ bb_built=»1&#8243; fullwidth=»off» specialty=»on» disabled=»on»][/]</p>

<p>De la simbiosis del canto de Anna Ferrer con unas raíces tan menorquinas y el virtuosismo clásico, jazz y hip hop de Clara Peya presentamos un concierto dedicado a las mujeres de agua.</p>
