{"id":6053,"date":"2019-06-20T20:52:17","date_gmt":"2019-06-20T20:52:17","guid":{"rendered":"https:\/\/esclaustre.com\/event\/saxophobia-funk-project-dimarts\/"},"modified":"2019-06-20T21:08:02","modified_gmt":"2019-06-20T21:08:02","slug":"saxophobia-funk-project-dimarts","status":"publish","type":"tribe_events","link":"https:\/\/esclaustre.com\/es\/event\/saxophobia-funk-project-dimarts\/","title":{"rendered":"Saxophobia Funk Project"},"content":{"rendered":"<p>[ bb_built=\u00bb1&#8243; fullwidth=\u00bboff\u00bb specialty=\u00bbon\u00bb][et_pb_column type=\u00bb3_4&#8243; specialty_columns=\u00bb3&#8243;][et_pb_row_inner admin_label=\u00bbRow\u00bb _builder_version=\u00bb3.0.51&#8243; background_position_1=\u00bbtop_left\u00bb background_repeat_1=\u00bbno-repeat\u00bb module_class=\u00bbtribe-events-content__img\u00bb][et_pb_column_inner type=\u00bb4_4&#8243; saved_specialty_column_type=\u00bb3_4&#8243;][et_pb_image _builder_version=\u00bb3.0.64&#8243; show_in_lightbox=\u00bboff\u00bb url_new_window=\u00bboff\u00bb use_overlay=\u00bboff\u00bb sticky=\u00bboff\u00bb align=\u00bbleft\u00bb always_center_on_mobile=\u00bbon\u00bb border_style=\u00bbsolid\u00bb force_fullwidth=\u00bboff\u00bb src=\u00bbhttps:\/\/esclaustre.com\/wp-content\/uploads\/2018\/05\/Saxophofia.jpg\u00bb \/][\/et_pb_column_inner][\/et_pb_row_inner][et_pb_row_inner admin_label=\u00bbRow\u00bb _builder_version=\u00bb3.0.51&#8243; background_position_1=\u00bbtop_left\u00bb background_repeat_1=\u00bbno-repeat\u00bb module_class=\u00bbtribe-events-content__content\u00bb][et_pb_column_inner type=\u00bb4_4&#8243; saved_specialty_column_type=\u00bb3_4&#8243;][et_pb_code _builder_version=\u00bb3.0.64&#8243;][socialpug_share][\/et_pb_code][et_pb_text _builder_version=\u00bb3.0.64&#8243; background_layout=\u00bblight\u00bb text_orientation=\u00bbleft\u00bb border_style=\u00bbsolid\u00bb]<\/p>\n<h1>Saxophobia Funk Project un potent directe de Jazz i Funk.<\/h1>\n<p><strong>Saxophobia Funk Project<\/strong> nace a finales de 2011 a ra\u00edz de un cuarteto cl\u00e1sico de saxofones llamado Saxophobia Quartet y formado por los saxofonistas Cristian Sorribas (saxo soprano), Jos\u00e9 Valle (saxo alto), Alberto Moreno (saxo tenor) y Alejandro Ib\u00e1\u00f1ez (saxo bar\u00edtono). Se decide incorporar a la actual formaci\u00f3n un tr\u00edo arm\u00f3nico-r\u00edtmico integrado por Juanjo Monserrat (guitarra el\u00e9ctrica), Luis Bay\u00f3n (bajo) y Miquel Marquet (bater\u00eda), d\u00e1ndole al grupo un amplio abanico de posibilidades.<\/p>\n<p>Un concierto para un martes festivo dentro del ciclos de las <strong>Nits de M\u00fasica al Carrer<\/strong> de Ma\u00f3.<\/p>\n<p>[\/et_pb_text][\/et_pb_column_inner][\/et_pb_row_inner][\/et_pb_column][et_pb_column type=\u00bb1_4&#8243;][et_pb_customEventMetaFields admin_label=\u00bbEsClaustre Camps Event\u00bb _builder_version=\u00bb3.0.51&#8243; location=\u00bbon\u00bb schedule=\u00bbon\u00bb price=\u00bbon\u00bb module_class=\u00bbappendTo_tribe-events-infoBlocks_landscape\u00bb \/][et_pb_button _builder_version=\u00bb3.0.64&#8243; button_text=\u00bbGratuito\u00bb button_url=\u00bbhttps:\/\/entradas.codetickets.com\/entradas\/esclaustre\/online\u00bb url_new_window=\u00bbon\u00bb button_alignment=\u00bbcenter\u00bb background_layout=\u00bblight\u00bb custom_button=\u00bboff\u00bb button_text_color=\u00bb#ffffff\u00bb button_bg_color=\u00bb#f92b44&#8243; button_border_width=\u00bb0&#8243; button_border_radius=\u00bb0&#8243; button_letter_spacing=\u00bb0&#8243; button_icon_placement=\u00bbright\u00bb button_letter_spacing_hover=\u00bb0&#8243; module_class=\u00bbbtn-ticket appendTo_tribe-events-infoBlocks_landscape\u00bb \/][et_pb_customEventCategories _builder_version=\u00bb3.0.51&#8243; \/][et_pb_customEventTags _builder_version=\u00bb3.0.51&#8243; \/][\/et_pb_column][\/]<\/p>\n","protected":false},"excerpt":{"rendered":"<p>Saxophobia Funk Project neix a final de 2011 arran d&#8217;un quartet cl\u00e0ssic de sax\u00f2fons anomenat Saxophobia Quartet i format pels saxofonistes Cristian Sorribas (saxo soprano), Jos\u00e9 Valle (saxo alt), Alberto Moreno (saxo tenor) i Alejandro Ib\u00e1\u00f1ez (saxo bar\u00edton). Es decideix incorporar a l&#8217;actual formaci\u00f3 un trio harmonicor\u00edtmic integrat per Juanjo Monserrat (guitarra el\u00e8ctrica), Luis Bay\u00f3n (baix) i Miquel Marquet (bateria), la qual cosa dona al grup un ventall de possibilitats molt ampli.<\/p>\n","protected":false},"author":1,"featured_media":2730,"template":"","meta":{"_acf_changed":false,"_tribe_events_status":"","_tribe_events_status_reason":"","_tribe_events_is_hybrid":"","_tribe_events_is_virtual":"","_tribe_events_virtual_video_source":"","_tribe_events_virtual_embed_video":"","_tribe_events_virtual_linked_button_text":"","_tribe_events_virtual_linked_button":"","_tribe_events_virtual_show_embed_at":"","_tribe_events_virtual_show_embed_to":[],"_tribe_events_virtual_show_on_event":"","_tribe_events_virtual_show_on_views":"","_tribe_events_virtual_url":"","footnotes":""},"tags":[151,108,129],"tribe_events_cat":[410,111,1077],"class_list":["post-6053","tribe_events","type-tribe_events","status-publish","has-post-thumbnail","hentry","tag-funk-es","tag-jazz-es","tag-mallorca-es","tribe_events_cat-cultura-es","tribe_events_cat-musica-es","tribe_events_cat-nits-de-musica-al-carrer-es","cat_cultura-es","cat_musica-es","cat_nits-de-musica-al-carrer-es"],"acf":[],"_links":{"self":[{"href":"https:\/\/esclaustre.com\/es\/wp-json\/wp\/v2\/tribe_events\/6053","targetHints":{"allow":["GET"]}}],"collection":[{"href":"https:\/\/esclaustre.com\/es\/wp-json\/wp\/v2\/tribe_events"}],"about":[{"href":"https:\/\/esclaustre.com\/es\/wp-json\/wp\/v2\/types\/tribe_events"}],"author":[{"embeddable":true,"href":"https:\/\/esclaustre.com\/es\/wp-json\/wp\/v2\/users\/1"}],"version-history":[{"count":0,"href":"https:\/\/esclaustre.com\/es\/wp-json\/wp\/v2\/tribe_events\/6053\/revisions"}],"wp:featuredmedia":[{"embeddable":true,"href":"https:\/\/esclaustre.com\/es\/wp-json\/wp\/v2\/media\/2730"}],"wp:attachment":[{"href":"https:\/\/esclaustre.com\/es\/wp-json\/wp\/v2\/media?parent=6053"}],"wp:term":[{"taxonomy":"post_tag","embeddable":true,"href":"https:\/\/esclaustre.com\/es\/wp-json\/wp\/v2\/tags?post=6053"},{"taxonomy":"tribe_events_cat","embeddable":true,"href":"https:\/\/esclaustre.com\/es\/wp-json\/wp\/v2\/tribe_events_cat?post=6053"}],"curies":[{"name":"wp","href":"https:\/\/api.w.org\/{rel}","templated":true}]}}

<p>[ bb_built=»1&#8243; fullwidth=»off» specialty=»on»][et_pb_column type=»3_4&#8243; specialty_columns=»3&#8243;][et_pb_row_inner admin_label=»Row» _builder_version=»3.0.51&#8243; background_position_1=»top_left» background_repeat_1=»no-repeat» module_class=»tribe-events-content__img»][et_pb_column_inner type=»4_4&#8243; saved_specialty_column_type=»3_4&#8243;][et_pb_image _builder_version=»3.0.64&#8243; show_in_lightbox=»off» url_new_window=»off» use_overlay=»off» sticky=»off» align=»left» always_center_on_mobile=»on» border_style=»solid» force_fullwidth=»off» src=»https://esclaustre.com/wp-content/uploads/2018/05/Saxophofia.jpg» /][/et_pb_column_inner][/et_pb_row_inner][et_pb_row_inner admin_label=»Row» _builder_version=»3.0.51&#8243; background_position_1=»top_left» background_repeat_1=»no-repeat» module_class=»tribe-events-content__content»][et_pb_column_inner type=»4_4&#8243; saved_specialty_column_type=»3_4&#8243;][et_pb_code _builder_version=»3.0.64&#8243;][socialpug_share][/et_pb_code][et_pb_text _builder_version=»3.0.64&#8243; background_layout=»light» text_orientation=»left» border_style=»solid»]</p>
<h1>Saxophobia Funk Project un potent directe de Jazz i Funk.</h1>
<p><strong>Saxophobia Funk Project</strong> nace a finales de 2011 a raíz de un cuarteto clásico de saxofones llamado Saxophobia Quartet y formado por los saxofonistas Cristian Sorribas (saxo soprano), José Valle (saxo alto), Alberto Moreno (saxo tenor) y Alejandro Ibáñez (saxo barítono). Se decide incorporar a la actual formación un trío armónico-rítmico integrado por Juanjo Monserrat (guitarra eléctrica), Luis Bayón (bajo) y Miquel Marquet (batería), dándole al grupo un amplio abanico de posibilidades.</p>
<p>Un concierto para un martes festivo dentro del ciclos de las <strong>Nits de Música al Carrer</strong> de Maó.</p>
<p>[/et_pb_text][/et_pb_column_inner][/et_pb_row_inner][/et_pb_column][et_pb_column type=»1_4&#8243;][et_pb_customEventMetaFields admin_label=»EsClaustre Camps Event» _builder_version=»3.0.51&#8243; location=»on» schedule=»on» price=»on» module_class=»appendTo_tribe-events-infoBlocks_landscape» /][et_pb_button _builder_version=»3.0.64&#8243; button_text=»Gratuito» button_url=»https://entradas.codetickets.com/entradas/esclaustre/online» url_new_window=»on» button_alignment=»center» background_layout=»light» custom_button=»off» button_text_color=»#ffffff» button_bg_color=»#f92b44&#8243; button_border_width=»0&#8243; button_border_radius=»0&#8243; button_letter_spacing=»0&#8243; button_icon_placement=»right» button_letter_spacing_hover=»0&#8243; module_class=»btn-ticket appendTo_tribe-events-infoBlocks_landscape» /][et_pb_customEventCategories _builder_version=»3.0.51&#8243; /][et_pb_customEventTags _builder_version=»3.0.51&#8243; /][/et_pb_column][/]</p>

<p>Saxophobia Funk Project neix a final de 2011 arran d&#8217;un quartet clàssic de saxòfons anomenat Saxophobia Quartet i format pels saxofonistes Cristian Sorribas (saxo soprano), José Valle (saxo alt), Alberto Moreno (saxo tenor) i Alejandro Ibáñez (saxo baríton). Es decideix incorporar a l&#8217;actual formació un trio harmonicorítmic integrat per Juanjo Monserrat (guitarra elèctrica), Luis Bayón (baix) i Miquel Marquet (bateria), la qual cosa dona al grup un ventall de possibilitats molt ampli.</p>
