{"id":8412,"date":"2020-07-20T13:32:15","date_gmt":"2020-07-20T13:32:15","guid":{"rendered":"https:\/\/esclaustre.com\/event\/cala-joia\/"},"modified":"2020-07-20T13:50:53","modified_gmt":"2020-07-20T13:50:53","slug":"cala-joia","status":"publish","type":"tribe_events","link":"https:\/\/esclaustre.com\/es\/event\/cala-joia\/","title":{"rendered":"Cala Joia"},"content":{"rendered":"<p>[ bb_built=\u00bb1&#8243; fullwidth=\u00bboff\u00bb specialty=\u00bbon\u00bb][et_pb_column type=\u00bb3_4&#8243; specialty_columns=\u00bb3&#8243;][et_pb_row_inner admin_label=\u00bbRow\u00bb _builder_version=\u00bb3.0.51&#8243; background_position_1=\u00bbtop_left\u00bb background_repeat_1=\u00bbno-repeat\u00bb module_class=\u00bbtribe-events-content__img\u00bb][et_pb_column_inner type=\u00bb4_4&#8243; saved_specialty_column_type=\u00bb3_4&#8243;][et_pb_image _builder_version=\u00bb3.0.64&#8243; show_in_lightbox=\u00bboff\u00bb url_new_window=\u00bboff\u00bb use_overlay=\u00bboff\u00bb sticky=\u00bboff\u00bb align=\u00bbleft\u00bb always_center_on_mobile=\u00bbon\u00bb border_style=\u00bbsolid\u00bb force_fullwidth=\u00bboff\u00bb src=\u00bbhttps:\/\/esclaustre.com\/wp-content\/uploads\/2020\/07\/Cala_Joia.jpg\u00bb \/][\/et_pb_column_inner][\/et_pb_row_inner][et_pb_row_inner admin_label=\u00bbRow\u00bb][et_pb_column_inner type=\u00bb4_4&#8243; saved_specialty_column_type=\u00bb3_4&#8243;][et_pb_text _builder_version=\u00bb3.0.64&#8243; background_layout=\u00bblight\u00bb text_orientation=\u00bbleft\u00bb border_style=\u00bbsolid\u00bb]<\/p>\n<h2><strong>\u00abCala Joia\u00bb se presentan en su gran formato<\/strong><\/h2>\n<p>Originariamente nacido como\u00a0dueto musical de Menorca, formado por <strong>Josep Abelairas<\/strong> (voz principal, glosador, letrista, guitarra y peque\u00f1a percusi\u00f3n) i <strong>Annabel Villalonga<\/strong> (guitarra, voces, compositora i glosadora) se presentan \u00a0en formato quinteto acompa\u00f1ados de <strong>Mois\u00e8s Pelegr\u00ed<\/strong>, <strong>\u00c0ngel Gelabert <\/strong>i\u00a0<strong>Nicolas Saiz<\/strong>. Cala Joia nace en 2012 en el m\u00edtico bar \u00abEs Cau\u00bb de Cala Corb, cuna de la canci\u00f3n menorquina. En estos siete a\u00f1os hemos realizado diferentes conciertos por toda la isla, Mallorca -tanto en el \u00e1mbito privado como en el p\u00fablico- i Catalu\u00f1a. Tenemos una maqueta de canciones propias titulada \u00abDe re\u00fcll\u00bb que contiente composiciones variadas de diferentes estilos musicales. Por otra parte, tenemos un disco de temas propis que responde al t\u00edtulo de \u00abAcords de Mar\u00bb, donde la mayor parte del disco est\u00e1 inspirado en el mar, accentuando as\u00ed nuestra condici\u00f3n de isle\u00f1os, y que vivimos enmedio de un mar lleno de canciones con una musicalidad que mueve el cuerpo y el alma.<\/p>\n<p>Apostamos por la canci\u00f3n propia, sin perder la esencia de la m\u00fasica menorquina. Los temas est\u00e1n inspirados en la isla en q\u00fcesti\u00f3n,en nuestras vidas y en historias imaginarias llenas de tendreza y sensibilidad.<\/p>\n<p>&nbsp;<\/p>\n<p>&nbsp;<\/p>\n<p>[\/et_pb_text][et_pb_code _builder_version=\u00bb3.0.51&#8243;][socialpug_share][\/et_pb_code][et_pb_text admin_label=\u00bbText \u2217 COVID-19_ CAT\u00bb _builder_version=\u00bb3.0.64&#8243; background_layout=\u00bblight\u00bb text_orientation=\u00bbleft\u00bb border_style=\u00bbsolid\u00bb saved_tabs=\u00bball\u00bb]<\/p>\n<p>&nbsp;<\/p>\n<p><span style=\"font-family: American Typewriter;\"><span style=\"color: #d11d1d;\">\u2217\u00a0COVID-19 <span style=\"color: #000000;\">Accepto que en nom i representaci\u00f3 propis, al adquirir entrades per asisitir Es Claustre: \u00a0Conec\u00a0la situaci\u00f3 d\u2019emerg\u00e8ncia sanit\u00e0ria causada per la malaltia infecciosa COVID-19, la simptomatologia i les recomanacions sanit\u00e0ries respecte les mesures d\u2019a\u00efllament i distanciament social com la manera m\u00e9s efectiva per evitar l\u2019exposici\u00f3 al virus. De tal manera, accepto que estic informat i comprom\u00e8s amb les mesures organitzatives i preventives per minimitzar el contacte entre persones i reduir aix\u00ed les oportunitats de contagi de la malaltia.<\/span><\/span><\/span><\/p>\n<div><span style=\"font-family: American Typewriter;\">\u00a0<\/span><\/div>\n<p>&nbsp;<\/p>\n<p>[\/et_pb_text][\/et_pb_column_inner][\/et_pb_row_inner][\/et_pb_column][et_pb_column type=\u00bb1_4&#8243;][et_pb_customEventMetaFields admin_label=\u00bbEsClaustre Camps Event\u00bb _builder_version=\u00bb3.0.51&#8243; location=\u00bbon\u00bb schedule=\u00bbon\u00bb price=\u00bbon\u00bb module_class=\u00bbappendTo_tribe-events-infoBlocks_landscape\u00bb \/][et_pb_button _builder_version=\u00bb3.0.64&#8243; button_text=\u00bbGratu\u00eft\u00bb url_new_window=\u00bbon\u00bb button_alignment=\u00bbcenter\u00bb background_layout=\u00bblight\u00bb custom_button=\u00bboff\u00bb button_text_color=\u00bb#ffffff\u00bb button_bg_color=\u00bb#f92b44&#8243; button_border_width=\u00bb0&#8243; button_border_radius=\u00bb0&#8243; button_letter_spacing=\u00bb0&#8243; button_icon_placement=\u00bbright\u00bb button_letter_spacing_hover=\u00bb0&#8243; module_class=\u00bbbtn-ticket appendTo_tribe-events-infoBlocks_landscape\u00bb \/][et_pb_customEventCategories _builder_version=\u00bb3.0.51&#8243; \/][et_pb_customEventTags _builder_version=\u00bb3.0.51&#8243; \/][\/et_pb_column][\/]<\/p>\n","protected":false},"excerpt":{"rendered":"<p>Cala Joia aposten per la can\u00e7\u00f3 pr\u00f2pia sense perdre l\u2019ess\u00e8ncia de la m\u00fasica menorquina. Els temes estan inspirats en l\u2019illa en q\u00fcesti\u00f3, en les seves viv\u00e8ncies i en hist\u00f2ries imagin\u00e0ries plenes de tendresa, sensibilitat.<\/p>\n","protected":false},"author":1,"featured_media":8408,"template":"","meta":{"_acf_changed":false,"_tribe_events_status":"","_tribe_events_status_reason":"","_tribe_events_is_hybrid":"","_tribe_events_is_virtual":"","_tribe_events_virtual_video_source":"","_tribe_events_virtual_embed_video":"","_tribe_events_virtual_linked_button_text":"","_tribe_events_virtual_linked_button":"","_tribe_events_virtual_show_embed_at":"","_tribe_events_virtual_show_embed_to":[],"_tribe_events_virtual_show_on_event":"","_tribe_events_virtual_show_on_views":"","_tribe_events_virtual_url":"","footnotes":""},"tags":[211],"tribe_events_cat":[1424,1077],"class_list":["post-8412","tribe_events","type-tribe_events","status-publish","has-post-thumbnail","hentry","tag-menorca-es","tribe_events_cat-agenda-menorca-es","tribe_events_cat-nits-de-musica-al-carrer-es","cat_agenda-menorca-es","cat_nits-de-musica-al-carrer-es"],"acf":[],"_links":{"self":[{"href":"https:\/\/esclaustre.com\/es\/wp-json\/wp\/v2\/tribe_events\/8412","targetHints":{"allow":["GET"]}}],"collection":[{"href":"https:\/\/esclaustre.com\/es\/wp-json\/wp\/v2\/tribe_events"}],"about":[{"href":"https:\/\/esclaustre.com\/es\/wp-json\/wp\/v2\/types\/tribe_events"}],"author":[{"embeddable":true,"href":"https:\/\/esclaustre.com\/es\/wp-json\/wp\/v2\/users\/1"}],"version-history":[{"count":0,"href":"https:\/\/esclaustre.com\/es\/wp-json\/wp\/v2\/tribe_events\/8412\/revisions"}],"wp:featuredmedia":[{"embeddable":true,"href":"https:\/\/esclaustre.com\/es\/wp-json\/wp\/v2\/media\/8408"}],"wp:attachment":[{"href":"https:\/\/esclaustre.com\/es\/wp-json\/wp\/v2\/media?parent=8412"}],"wp:term":[{"taxonomy":"post_tag","embeddable":true,"href":"https:\/\/esclaustre.com\/es\/wp-json\/wp\/v2\/tags?post=8412"},{"taxonomy":"tribe_events_cat","embeddable":true,"href":"https:\/\/esclaustre.com\/es\/wp-json\/wp\/v2\/tribe_events_cat?post=8412"}],"curies":[{"name":"wp","href":"https:\/\/api.w.org\/{rel}","templated":true}]}}

<p>[ bb_built=»1&#8243; fullwidth=»off» specialty=»on»][et_pb_column type=»3_4&#8243; specialty_columns=»3&#8243;][et_pb_row_inner admin_label=»Row» _builder_version=»3.0.51&#8243; background_position_1=»top_left» background_repeat_1=»no-repeat» module_class=»tribe-events-content__img»][et_pb_column_inner type=»4_4&#8243; saved_specialty_column_type=»3_4&#8243;][et_pb_image _builder_version=»3.0.64&#8243; show_in_lightbox=»off» url_new_window=»off» use_overlay=»off» sticky=»off» align=»left» always_center_on_mobile=»on» border_style=»solid» force_fullwidth=»off» src=»https://esclaustre.com/wp-content/uploads/2020/07/Cala_Joia.jpg» /][/et_pb_column_inner][/et_pb_row_inner][et_pb_row_inner admin_label=»Row»][et_pb_column_inner type=»4_4&#8243; saved_specialty_column_type=»3_4&#8243;][et_pb_text _builder_version=»3.0.64&#8243; background_layout=»light» text_orientation=»left» border_style=»solid»]</p>
<h2><strong>«Cala Joia» se presentan en su gran formato</strong></h2>
<p>Originariamente nacido como dueto musical de Menorca, formado por <strong>Josep Abelairas</strong> (voz principal, glosador, letrista, guitarra y pequeña percusión) i <strong>Annabel Villalonga</strong> (guitarra, voces, compositora i glosadora) se presentan  en formato quinteto acompañados de <strong>Moisès Pelegrí</strong>, <strong>Àngel Gelabert </strong>i <strong>Nicolas Saiz</strong>. Cala Joia nace en 2012 en el mítico bar «Es Cau» de Cala Corb, cuna de la canción menorquina. En estos siete años hemos realizado diferentes conciertos por toda la isla, Mallorca -tanto en el ámbito privado como en el público- i Cataluña. Tenemos una maqueta de canciones propias titulada «De reüll» que contiente composiciones variadas de diferentes estilos musicales. Por otra parte, tenemos un disco de temas propis que responde al título de «Acords de Mar», donde la mayor parte del disco está inspirado en el mar, accentuando así nuestra condición de isleños, y que vivimos enmedio de un mar lleno de canciones con una musicalidad que mueve el cuerpo y el alma.</p>
<p>Apostamos por la canción propia, sin perder la esencia de la música menorquina. Los temas están inspirados en la isla en qüestión,en nuestras vidas y en historias imaginarias llenas de tendreza y sensibilidad.</p>
<p>&nbsp;</p>
<p>&nbsp;</p>
<p>[/et_pb_text][et_pb_code _builder_version=»3.0.51&#8243;][socialpug_share][/et_pb_code][et_pb_text admin_label=»Text ∗ COVID-19_ CAT» _builder_version=»3.0.64&#8243; background_layout=»light» text_orientation=»left» border_style=»solid» saved_tabs=»all»]</p>
<p>&nbsp;</p>
<p><span style="font-family: American Typewriter;"><span style="color: #d11d1d;">∗ COVID-19 <span style="color: #000000;">Accepto que en nom i representació propis, al adquirir entrades per asisitir Es Claustre:  Conec la situació d’emergència sanitària causada per la malaltia infecciosa COVID-19, la simptomatologia i les recomanacions sanitàries respecte les mesures d’aïllament i distanciament social com la manera més efectiva per evitar l’exposició al virus. De tal manera, accepto que estic informat i compromès amb les mesures organitzatives i preventives per minimitzar el contacte entre persones i reduir així les oportunitats de contagi de la malaltia.</span></span></span></p>
<div><span style="font-family: American Typewriter;"> </span></div>
<p>&nbsp;</p>
<p>[/et_pb_text][/et_pb_column_inner][/et_pb_row_inner][/et_pb_column][et_pb_column type=»1_4&#8243;][et_pb_customEventMetaFields admin_label=»EsClaustre Camps Event» _builder_version=»3.0.51&#8243; location=»on» schedule=»on» price=»on» module_class=»appendTo_tribe-events-infoBlocks_landscape» /][et_pb_button _builder_version=»3.0.64&#8243; button_text=»Gratuït» url_new_window=»on» button_alignment=»center» background_layout=»light» custom_button=»off» button_text_color=»#ffffff» button_bg_color=»#f92b44&#8243; button_border_width=»0&#8243; button_border_radius=»0&#8243; button_letter_spacing=»0&#8243; button_icon_placement=»right» button_letter_spacing_hover=»0&#8243; module_class=»btn-ticket appendTo_tribe-events-infoBlocks_landscape» /][et_pb_customEventCategories _builder_version=»3.0.51&#8243; /][et_pb_customEventTags _builder_version=»3.0.51&#8243; /][/et_pb_column][/]</p>

<p>Cala Joia aposten per la cançó pròpia sense perdre l’essència de la música menorquina. Els temes estan inspirats en l’illa en qüestió, en les seves vivències i en històries imaginàries plenes de tendresa, sensibilitat.</p>
